11001000010010110 (base 2) to base 15.
-2acdda
-c309a (base 14) to base 15
-9410a
Convert 5531445 (base 7) to base 5.
133230210
What is -8871556 (base 9) in base 8?
-22146330
What is -3535104 (base 7) in base 15?
-8c203
6361261 (base 7) to base 11
487466
Convert 2230304242 (base 5) to base 16.
4b40ee
What is -69a405 (base 11) in base 16?
-10f742
Convert -434411 (base 5) to base 11.
-1028a
Convert 480981 (base 10) to base 16.
756d5
What is 2110010102221 (base 3) in base 4?
10331301103
-352a07 (base 14) to base 2
-110111010101000001111
Convert 139a8 (base 14) to base 13.
19145
What is -21523632 (base 8) in base 16?
-46a79a
What is 101001000001011010 (base 2) in base 6?
3333522
Convert 43554204 (base 6) to base 14.
25dd48
What is 38671 (base 15) in base 14?
49a0b
What is 2100221000012 (base 3) in base 14?
24a799
-2688820 (base 9) to base 10
-1476162
Convert 35089 (base 16) to base 11.
139228
Convert -4df706 (base 16) to base 11.
-297a93a
Convert -128cdc (base 14) to base 3.
-1012110202101
Convert -1355c (base 15) to base 6.
-1154510
Convert 124221111 (base 5) to base 15.
c2c56
Convert 10120212012121 (base 3) to base 15.
279d41
Convert -136154 (base 8) to base 5.
-3020421
Convert 67083 (base 10) to base 2.
10000011000001011
Convert 2221402 (base 7) to base 10.
274255
-494b9 (base 12) to base 9
-161076
What is -110022212210022 (base 3) in base 11?
-3775763
-37460 (base 9) to base 14
-9256
Convert -311650 (base 10) to base 14.
-8180a
What is 351761 (base 11) in base 2?
10001000011000001011
Convert -34222132 (base 5) to base 9.
-513828
Convert -4c7a7 (base 14) to base 11.
-119370
Convert -196a9 (base 14) to base 2.
-1111101110110101
What is 111000000110 (base 2) in base 16?
e06
126659 (base 15) to base 10
882309
What is 230000003 (base 5) in base 11?
634069
Convert -a58072 (base 11) to base 13.
-474339
Convert 1411510 (base 6) to base 2.
10011011001100010
-26c1ac (base 15) to base 7
-21560421
What is -38b7495 (base 12) in base 4?
-222223303301
Convert 256798 (base 10) to base 14.
6982a
1384541 (base 14) to base 15
c6d9d4
What is 283200 (base 12) in base 16?
a3560
2040324031 (base 5) to base 10
4229891
5362624 (base 7) to base 12
27661a
What is 2c3c (base 16) in base 10?
11324
What is 332351414 (base 6) in base 13?
1321c87
-7482121 (base 9) to base 11
-229a024
115a3e6 (base 15) to base 14
191a9dc
What is -42ed6 (base 15) in base 2?
-110011111001111001
Convert 2e64e (base 16) to base 12.
91b7a
Convert 2728787 (base 9) to base 14.
2ad1a9
-1110000000011100000 (base 2) to base 4
-1300003200
What is 11112100112101 (base 3) in base 14?
469919
Convert -1c689 (base 14) to base 7.
-421532
What is -215838 (base 9) in base 10?
-128987
Convert 412020 (base 10) to base 15.
82130
Convert -14337360 (base 8) to base 12.
-11127a8
What is -115454411 (base 6) in base 3?
-11012100221121
11300211 (base 4) to base 5
1223324
Convert -486669 (base 11) to base 12.
-311807
Convert 45336 (base 7) to base 15.
3613
Convert -10110100000000011111111 (base 2) to base 12.
-1b85593
1136720 (base 8) to base 9
523222
Convert 2006 (base 15) to base 9.
10236
6436523 (base 7) to base 14
165313
Convert -52a (base 11) to base 15.
-2c7
What is 23121444 (base 8) in base 2?
10011001010001100100100
316d84 (base 16) to base 10
3239300
Convert 12223210000 (base 4) to base 16.
1ab900
Convert 1010101010100000001001 (base 2) to base 11.
163a360
220001222220 (base 3) to base 7
4012323
Convert -1000111000100100010101001 (base 2) to base 3.
-1022001112200120
Convert -495475 (base 11) to base 9.
-1423305
What is -111101111000011010 (base 2) in base 5?
-31102331
Convert -1043042310 (base 5) to base 9.
-4318028
What is -227800 (base 13) in base 4?
-3013110313
Convert -7121203 (base 9) to base 16.
-39e100
Convert 12240122 (base 5) to base 6.
2311014
Convert -37daa (base 14) to base 10.
-137154
106777 (base 9) to base 4
33220330
212211012112221 (base 3) to base 14
1977ad3
5077182 (base 10) to base 11
2958620
What is 5c10 (base 15) in base 5?
1111330
Convert 100100111110001100 (base 2) to base 3.
21200201202
45004330 (base 7) to base 13
a5cacc
-100000111111011110010 (base 2) to base 3
-2000220221210
Convert 1023121120 (base 4) to base 3.
120200121221
Convert 1022010011112 (base 3) to base 8.
2506016
-71222 (base 8) to base 9
-44208
What is -241401323 (base 5) in base 15?
-17270d
579425 (base 11) to base 2
11100000101010101000
What is -3424062 (base 7) in base 9?
-718810
1886586 (base 9) to base 7
12006546
-23331761 (base 8) to base 3
-100120201101002
What is -364158 (base 10) in base 15?
-72d73
Convert -53471 (base 8) to base 7.
-122046
Convert 130570 (base 10) to base 5.
13134240
What is 22020111100 (base 3) in base 5?
20142243
Convert 222120210212 (base 3) to base 5.
113221113
10011100100110 (base 2) to base 4
2130212
4884b (base 12) to base 6
2033335
-103233110232 (base 4) to base 6
-302524210
What is -50727432 (base 8) in base 5?
-10221232234
Convert 21121202012 (base 3) to base 14.
3c938
1283a4 (base 14) to base 7
5263064
100110100100000000000000 (base 2) to base 13
212c31b
Convert 41446 (base 7) to base 6.
115041
Convert b6676 (base 13) to base 8.
1201420
-399374 (base 16) to base 9
-7080885
What is 30135 (base 10) in base 4?
13112313
What is -3073a (base 14) in base 3?
-12221001012
What is 2328162 (base 11) in base 9?
7577035
Convert -399705 (base 10) to base 12.
-173389
What is -1074077 (base 9) in base 4?
-2031230002
What is 18799 (base 14) in base 4?
33012303
Convert -32436650 (base 7) to base 6.
-135351025
What is -100000101012012 (base 3) in base 16?
-49187f
Convert 2110431442 (base 5) to base 13.
ba9013
What is 4c1569 (base 14) in base 3?
11220220121210
What is -13aa3b (base 12) in base 13?
-b716a
What is 60b1a (base 14) in base 10?
232676
Convert 569658 (base 11) to base 13.
259423
What is -230550 (base 6) in base 12?
-b456
Convert 12bba (base 15) to base 4.
32221321
16071204 (base 9) to base 10
8018437
Convert -122011060 (base 7) to base 2.
-11101001011101010110011
What is -111010011110110001011 (base 2) in base 13?
-521308
What is 908ac (base 16) in base 4?
2100202230
Convert 530105 (base 7) to base 14.
253ac
What is 299068 (base 10) in base 4?
1021000330
What is a64a7 (base 11) in base 6?
3153325
Convert -236c7 (base 13) to base 16.
-fd7a
What is 10434233404 (base 5) in base 12?
3a904b0
102122111221202 (base 3) to base 4
113213120222
-21310211 (base 5) to base 13
-64a69
What is 30013142 (base 6) in base 8?
3154126
3a62660 (base 11) to base 13
15b8893
-27d916 (base 15) to base 6
-105044250
What is -28797a0 (base 11) in base 10?
-4946953
-8a647 (base 11) to base 12
-63b27
a7733 (base 12) to base 11
140738
Convert -1520011 (base 7) to base 6.
-4231554
What is -14a04 (base 13) in base 14?
-1032b
5fc37 (base 16) to base 12
16abb3
-122104402 (base 6) to base 12
-94b102
-24153446 (base 7) to base 10
-2147753
Convert -135a67 (base 12) to base 6.
-10515011
What is 54332350 (base 6) in base 7?
16501542
-81cca4 (base 16) to base 3
-121000011202202
What is 111100002220202 (base 3) in base 8?
33023606
a6063 (base 16) to base 2
10100110000001100011
623054 (base 10) to base 14
1230bc
Convert 7023b (base 16) to base 8.
1601073
-2cba7 (base 13) to base 6
-1455430
Convert -a0837 (base 12) to base 14.
-5600b
Convert 11001001000100110011010 (base 2) to base 6.
353115454
What is -4041254 (base 9) in base 7?
-24204550
What is -2089053 (base 11) in base 7?
-43133243
39750 (base 12) to base 9
130116
What is -78dad (base 15) in base 10?
-384463
What is c81b (base 13) in base 14?
a176
What is 110525144 (base 6) in base 13?
55141c
Convert 2002222110122 (base 3) to base 8.
4216407
-502316 (base 8) to base 11
-103024
Convert -3230441023 (base 5) to base 4.
-122102022122
What is 111101011101110000 (base 2) in base 13?
8a792
Convert 11102101012 (base 3) to base 2.
10101001111110010
-112777 (base 10) to base 13
-3c442
What is -434412244 (base 5) in base 11?
-106a098
What is 10403112441 (base 5) in base 11?
6472336
What is 2020123302 (base 4) in base 13?
167493
What is -8456 (base 15) in base 4?
-12311031
What is 8210774 (base 10) in base 6?
451552502
-7a0a9 (base 11) to base 5
-12202131
507813 (base 11) to base 5
202044204
dc7842 (base 15) to base 4
220010222132
Convert 14464305 (base 7) to base 15.
1c314c
-150167 (bas